METEO Schachenfeld

 Latitude N 47° 54' 42"    Longitude E 07° 21' 22"    Altitude 210 m   Station

Rapports de type NOAA
Selectionner un rapport Annuel ou mensuel
V/Λ2024 > Janvier Février Mars Avril Mai Juin Juillet Août Septembre Octobre Novembre Décembre
V/Λ2023 > Janvier Février Mars Avril Mai Juin Juillet Août Septembre Octobre Novembre Décembre
V/Λ2022 > Janvier Février Mars Avril Mai Juin Juillet Août Septembre Octobre Novembre Décembre
V/Λ2021 > Janvier Février Mars Avril Mai Juin Juillet Août Septembre Octobre Novembre Décembre
V/Λ2020 > Janvier Février Mars Avril Mai Juin Juillet Août Septembre Octobre Novembre Décembre
V/Λ2019 > Janvier Février Mars Avril Mai Juin Juillet Août Septembre Octobre Novembre Décembre
V/Λ2018 > Janvier Février Mars Avril Mai Juin Juillet Août Septembre Octobre Novembre Décembre
V/Λ2017 > Janvier Février Mars Avril Mai Juin Juillet Août Septembre Octobre Novembre Décembre
V/Λ2016 > Janvier Février Mars Avril Mai Juin Juillet Août Septembre Octobre Novembre Décembre
V/Λ2015 > Janvier Février Mars Avril Mai Juin Juillet Août Septembre Octobre Novembre Décembre
V/Λ2014 > Janvier Février Mars Avril Mai Juin Juillet Août Septembre Octobre Novembre Décembre
V/Λ2013 > Janvier Février Mars Avril Mai Juin Juillet Août Septembre Octobre Novembre Décembre
V/Λ2012 > Janvier Février Mars Avril Mai Juin Juillet Août Septembre Octobre Novembre Décembre
V/Λ2011 > Janvier Février Mars Avril Mai Juin Juillet Août Septembre Octobre Novembre Décembre
V/Λ2010 > Janvier Février Mars Avril Mai Juin Juillet Août Septembre Octobre Novembre Décembre
V/Λ2009 > Janvier Février Mars Avril Mai Juin Juillet Août Septembre Octobre Novembre Décembre
V/Λ2008 > Janvier Février Mars Avril Mai Juin Juillet Août Septembre Octobre Novembre Décembre
V/Λ2007 > Janvier Février Mars Avril Mai Juin Juillet Août Septembre Octobre Novembre Décembre
V/Λ2006 > Janvier Février Mars Avril Mai Juin Juillet Août Septembre Octobre Novembre Décembre
V/Λ2005 > Janvier Février Mars Avril Mai Juin Juillet Août Septembre Octobre Novembre Décembre
V/Λ2004 > Janvier Février Mars Avril Mai Juin Juillet Août Septembre Octobre Novembre Décembre
V/Λ2003 > Janvier Février Mars Avril Mai Juin Juillet Août Septembre Octobre Novembre Décembre
V/Λ2002 > Janvier Février Mars Avril Mai Juin Juillet Août Septembre Octobre Novembre Décembre

Rapport pour Juin 2024
                   Monthly Climatological Summary for juin 2024

Name:     City: Meyenheim   State: Alsace, FR
Elevation: 210 m  Lat: N 47° 54' 41"   Lon: E 007° 21' 19"

                  Temperature (°C), Rain (mm), Wind Speed (km/h)

                                      Heat  Cool        Avg
    Mean                              Deg   Deg         Wind                 Dom
Day Temp  High   Time   Low    Time   Days  Days  Rain  Speed High   Time    Dir
----------------------------------------------------------------------------------
01  14.7  21.9   15:45  11.3   01:18   3.8   0.2   6.4   1.5  23.1   17:12   SSO
02  15.6  19.4   15:36  13.8   05:48   2.8   0.0  25.8   2.0  19.5   15:53     N
03  15.9  19.9   16:47  13.3   03:06   2.5   0.2   0.8   4.2  36.8   06:07     N
04  17.3  24.8   16:56  11.3   03:41   2.7   1.7   0.0   2.9  21.6   18:33   SSO
05  19.5  26.5   16:37  12.8   03:06   1.6   2.8   0.0   4.8  31.0   17:14    SO
06  19.8  27.9   15:03  12.7   06:10   1.6   3.1   2.9   3.7  33.2   19:27   OSO
07  20.3  28.5   17:20  13.7   06:00   1.3   3.3   0.0   2.5  28.8   14:55     O
08  18.5  23.2   12:16  13.9   04:17   1.2   1.4   6.4   1.8  31.7   07:47    SO
09  18.2  21.6   17:59  15.0   07:26   0.9   0.7   0.6   3.0  22.4   08:38     N
10  18.0  23.0   15:38  12.7   06:21   1.6   1.3   0.2   4.9  33.9   13:09   OSO
11  14.3  19.5   15:51   9.0   06:12   4.0   0.1   1.2   2.5  18.7   00:00   NNE
12  14.6  22.0   16:45   7.0   06:12   4.2   0.5   0.0   3.1  18.7   16:21     N
13  16.1  23.2   17:21   8.3   06:04   3.3   1.1   0.0   2.3  26.0   12:45    SO
14  16.5  22.1   13:39  12.2   00:33   2.5   0.7   0.0   5.5  51.2   13:39    SO
15  17.2  22.6   16:33  12.8   06:24   2.0   0.9  10.2   8.3  44.0   12:00    SO
16  17.8  24.4   14:55  13.0   06:02   1.7   1.2   0.0   6.5  36.8   11:17    SO
17  18.1  20.6   16:46  15.1   23:57   0.7   0.6   0.2   5.0  35.3   17:35   SSO
18  20.9  29.5   17:32  12.7   05:52   1.6   4.2   0.0   3.5  33.9   16:01    SO
19  22.1  28.7   15:14  17.3   05:54   0.1   3.9   6.2   3.9  30.3   22:30     N
20  20.3  26.6   17:35  16.0   05:30   0.5   2.5   0.0   2.8  23.1   00:05     N
21  19.4  26.0   14:49  16.4   05:11   0.5   1.6   0.0   4.7  36.8   13:19    SO
22  16.2  19.3   17:48  14.0   04:20   2.1   0.0   6.2   4.4  36.8   07:38   SSO
23  18.2  24.0   17:15  12.9   05:54   1.6   1.5   0.0   4.3  24.5   13:24     N
24  22.4  29.0   15:53  15.7   03:52   0.5   4.6   0.0   8.6  33.9   13:39     N
25  23.4  30.3   16:04  17.3   05:52   0.1   5.2   0.0   6.5  28.1   19:08     N
26  22.1  29.6   14:32  16.6   05:27   0.3   4.1   0.0   2.9  23.1   18:06   SSO
27  24.4  32.0   17:27  18.0   05:21   0.0   6.1   0.0   3.8  26.7   13:57    SO
28  25.1  32.4   15:30  19.8   05:38   0.0   6.8   0.0   4.9  27.4   12:29    SO
29  23.9  29.9   14:47  18.2   05:27   0.0   5.6   0.4   2.3  46.9   23:50     N
30  18.7  23.8   00:00  15.1   23:59   0.4   0.8   4.8   6.6  46.1   10:58    SO
----------------------------------------------------------------------------------
    19.0  32.4    28     7.0    12    46.1  66.8  72.4   4.1  51.2    14     OSO

Max >=  27.0 10
Max <=   0.0  0
Min <= -10.0  0
Min <= -18.0  0
Max Rain: 25.8 on day 2
Days of Rain: 14 (>= 0.2 mm)  8 (>= 2.0 mm)  1 (>= 20.0 mm)
Heat Base: 18.3  Cool Base: 18.3  Method: Integration


Mise à jour : 23/07/2024 23:57:28
Alimenté par Cumulus v3.27.1 (3263)