METEO Meyenheim

 Latitude N 47° 54' 42"    Longitude E 07° 21' 22"    Altitude 210 m   Station

Rapports de type NOAA
Selectionner un rapport Annuel ou mensuel
V/Λ2022 > Janvier Février Mars Avril Mai Juin Juillet Août Septembre Octobre Novembre Décembre
V/Λ2021 > Janvier Février Mars Avril Mai Juin Juillet Août Septembre Octobre Novembre Décembre
V/Λ2020 > Janvier Février Mars Avril Mai Juin Juillet Août Septembre Octobre Novembre Décembre
V/Λ2019 > Janvier Février Mars Avril Mai Juin Juillet Août Septembre Octobre Novembre Décembre
V/Λ2018 > Janvier Février Mars Avril Mai Juin Juillet Août Septembre Octobre Novembre Décembre
V/Λ2017 > Janvier Février Mars Avril Mai Juin Juillet Août Septembre Octobre Novembre Décembre
V/Λ2016 > Janvier Février Mars Avril Mai Juin Juillet Août Septembre Octobre Novembre Décembre
V/Λ2015 > Janvier Février Mars Avril Mai Juin Juillet Août Septembre Octobre Novembre Décembre
V/Λ2014 > Janvier Février Mars Avril Mai Juin Juillet Août Septembre Octobre Novembre Décembre
V/Λ2013 > Janvier Février Mars Avril Mai Juin Juillet Août Septembre Octobre Novembre Décembre
V/Λ2012 > Janvier Février Mars Avril Mai Juin Juillet Août Septembre Octobre Novembre Décembre
V/Λ2011 > Janvier Février Mars Avril Mai Juin Juillet Août Septembre Octobre Novembre Décembre
V/Λ2010 > Janvier Février Mars Avril Mai Juin Juillet Août Septembre Octobre Novembre Décembre
V/Λ2009 > Janvier Février Mars Avril Mai Juin Juillet Août Septembre Octobre Novembre Décembre
V/Λ2008 > Janvier Février Mars Avril Mai Juin Juillet Août Septembre Octobre Novembre Décembre
V/Λ2007 > Janvier Février Mars Avril Mai Juin Juillet Août Septembre Octobre Novembre Décembre
V/Λ2006 > Janvier Février Mars Avril Mai Juin Juillet Août Septembre Octobre Novembre Décembre
V/Λ2005 > Janvier Février Mars Avril Mai Juin Juillet Août Septembre Octobre Novembre Décembre
V/Λ2004 > Janvier Février Mars Avril Mai Juin Juillet Août Septembre Octobre Novembre Décembre
V/Λ2003 > Janvier Février Mars Avril Mai Juin Juillet Août Septembre Octobre Novembre Décembre
V/Λ2002 > Janvier Février Mars Avril Mai Juin Juillet Août Septembre Octobre Novembre Décembre

Rapport pour Septembre 2022
                   Monthly Climatological Summary for sept. 2022

Name:     City: Meyenheim   State: Alsace, FR
Elevation: 210 m  Lat: N 47° 54' 42"   Lon: E 007° 21' 20"

                  Temperature (°C), Rain (mm), Wind Speed (km/h)

                                      Heat  Cool        Avg
    Mean                              Deg   Deg         Wind                 Dom
Day Temp  High   Time   Low    Time   Days  Days  Rain  Speed High   Time    Dir
----------------------------------------------------------------------------------
01  18.3  25.4   17:53  13.9   07:06   1.7   1.7   0.0   2.2  16.6   14:46     N
02  17.2  24.8   16:13  11.6   06:46   2.5   1.4   0.0   2.2  32.4   17:34     O
03  17.8  23.9   17:15  15.0   00:43   1.4   0.9   4.6   4.3  34.6   11:28   SSO
04  19.0  28.6   17:41  11.8   07:07   2.0   2.7   0.0   1.2  12.3   13:46   SSO
05  20.2  30.1   17:10  12.5   07:12   1.6   3.5   0.0   1.8  26.7   11:02   SSO
06  19.8  25.3   15:37  16.2   06:55   0.4   1.9   5.2   3.1  22.4   22:18   SSO
07  20.5  27.1   13:48  16.3   07:20   0.4   2.6   2.9   4.5  23.8   06:35   SSO
08  18.4  22.9   17:50  15.4   22:12   1.1   1.1   2.7   5.1  31.0   14:12    SO
09  16.5  21.1   16:01  13.5   03:01   2.1   0.3   1.5   5.3  40.4   11:27    SO
10  15.7  20.7   14:24  13.3   06:16   2.8   0.2   4.4   6.5  37.5   10:14    SO
11  17.0  24.2   16:47  11.7   07:13   2.6   1.2   0.0   1.8  13.0   05:16    SO
12  16.7  28.1   17:50   9.3   07:18   3.5   1.9   0.0   0.8   8.7   13:03    SO
13  19.4  27.7   14:54  11.8   07:25   2.0   3.0   0.0   0.9  10.1   16:15   NNO
14  20.3  23.5   17:38  17.9   03:56   0.0   2.0   4.8   2.8  26.0   12:08   SSO
15  17.3  20.9   11:58  13.8   21:30   1.4   0.4   5.4   4.2  26.7   01:30   SSO
16  14.1  16.5   12:22  11.7   23:42   4.2   0.0   0.4   1.8  21.6   20:07   NNO
17  12.1  16.1   16:58   8.9   07:29   6.2   0.0   0.0   2.7  22.4   17:15   ONO
18  12.5  17.6   15:25   7.6   07:18   5.8   0.0   0.0   3.9  27.4   14:56   OSO
19  13.0  17.7   16:56   7.5   23:55   5.3   0.0   0.0   2.6  27.4   09:13     N
20  10.5  17.2   13:21   4.1   06:57   7.8   0.0   0.0   2.5  19.5   16:00     N
21  12.1  18.6   17:22   6.8   06:45   6.2   0.0   0.0   5.5  27.4   18:02     N
22  11.1  19.8   17:24   3.9   07:28   7.2   0.1   0.0   1.6  13.7   14:16     N
23  12.6  21.0   14:24   5.1   05:31   6.2   0.5   0.0   2.0  21.6   14:46   SSO
24  13.7  17.1   15:47  11.6   23:59   4.6   0.0  14.1   3.1  28.8   10:21   SSO
25  12.8  17.3   17:34  10.4   03:48   5.5   0.0   0.0   0.9  10.1   13:54   SSO
----------------------------------------------------------------------------------
    15.9  30.1     5     3.9    22    84.5  25.4  46.0   2.9  40.4     9      SO

Max >=  27.0  5
Max <=   0.0  0
Min <= -10.0  0
Min <= -18.0  0
Max Rain: 14.1 on day 24
Days of Rain: 10 (>= 0.2 mm)  8 (>= 2.0 mm)  0 (>= 20.0 mm)
Heat Base: 18.3  Cool Base: 18.3  Method: Integration


Mise à jour : 26/09/2022 08:48:58
Alimenté par Cumulus v3.6.12 (3088)